hest common divisor of 133 and d?
133
Let p be (-3024)/32*160/(-144). Let r = -34 - -69. What is the highest common factor of r and p?
35
Let o be 27/36*(-25)/(125/(-420)). What is the greatest common divisor of o and 1557?
9
Let i = 396 - -99. Suppose 18*u = -17*u + 1575. What is the highest common divisor of u and i?
45
Suppose -2*i + 3*g = -113, i - 3*g - 37 = 12. Let l be (-4 + -236)/((-664)/64 - -10). Calculate the highest common factor of i and l.
64
Let a = 10442 + -10220. What is the highest common factor of 198 and a?
6
Let i be (1681/(-4))/((-212)/18656). Calculate the greatest common factor of 22 and i.
22
Let x(i) = -i**2 - 7*i. Let l(n) = n**2 + 16*n + 56. Let v be l(-10). Let r be x(v). Calculate the highest common divisor of 300 and r.
12
Let c = -41 - -106. Let f(t) = 12*t - 33. Let q be f(19). Let m be (-2)/(3/(q/(-10))). What is the greatest common factor of c and m?
13
Let r = 8600 - 7560. What is the highest common factor of 560 and r?
80
Let u(w) = -3*w - 6 + 5 + 0*w - 15. Let a be u(-6). Suppose 5*g + 4*q - 70 = 0, 2*q - 56 + 12 = -3*g. What is the highest common divisor of g and a?
2
Suppose 1031*n - 136136 = -167*n - 298*n. Suppose -r = -7 - 58. What is the highest common factor of n and r?
13
Let s be (-15)/(-6) - (85/10 + 0). Let g(v) = -v**3 - 3*v**2 + 17*v + 10. Let n be g(s). What is the highest common factor of 16 and n?
16
Let r be ((-3)/6)/(4/(-88)). Suppose 0 = r*b - 21 - 1. Suppose b*c - 25 - 217 = 0. Calculate the highest common divisor of c and 11.
11
Suppose -10 + 42 = -v + 5*k, 2*v - 4*k + 34 = 0. Let s(z) = -2*z**2 - 14*z + 11. Let f be s(v). What is the highest common divisor of 649 and f?
11
Let v(u) = u**2 - 5*u - 5. Let m be v(-3). Suppose -30*y + 190 = -20*y. What is the highest common divisor of m and y?
19
Suppose -5*t + 736 = k - 530, k + 4*t = 1266. Calculate the highest common divisor of k and 12.
6
Suppose -5*r = -41 - 139. Let g be 0 + 58 + (-8 - -10). Let u = -24 + g. What is the highest common divisor of u and r?
36
Let s be (22 - (11 - -18))/((-14)/10). Calculate the highest common factor of 3455 and s.
5
Let g(k) = -k**2 - 23*k - 76. Let d = -369 + 356. Let c be g(d). What is the highest common divisor of 36 and c?
18
Let m be 15/(((-9)/(-12))/((-12)/8)). Let w be (m/7)/(6/(-42)). Let b be (-45)/2*(-216)/w - 0. What is the greatest common divisor of b and 18?
18
Suppose 4*p - 18 = -2*o, 5*o - 23 = -5*p - 8. Suppose -5*f = -y + 9, 0 = 4*y - 2*y + 4*f - 60. What is the greatest common divisor of y and p?
6
Suppose -26*b = -56*b - 3*b + 112893. What is the highest common factor of 11 and b?
11
Let w be ((-12)/(-18))/((-4)/(-3))*22. Let v = 223 - 124. What is the greatest common factor of v and w?
11
Suppose 12*x - 16*x = -16, -5*n - 4*x + 1936 = 0. Calculate the highest common divisor of 9 and n.
3
Suppose 132 = -3*f - 51. Let y = 157 + f. Suppose 2*h - 100 = -3*z, z + 3*h - y = -2*z. What is the greatest common factor of 18 and z?
18
Let u = -242 + 245. Let p be (-1)/(-1)*29 + -8 + u. Calculate the greatest common divisor of 3 and p.
3
Let k(y) = -4*y**3 + 9*y**2 - 4*y - 14. Let d be k(-5). Let g = -636 + d. Calculate the greatest common divisor of g and 5.
5
Suppose 0 = 5*m - 5*u - 95, -2*u = -3*m - 0*u + 62. Suppose 31 = 35*h - 4*h. Let o be 8/(-8) - (-2 + -18 + h). Calculate the greatest common divisor of m and o.
6
Let h be (-6 - 0)*2/(-3). Let r be h/((-8)/(-3))*(-260)/(-15). Suppose r = 3*a - 142. Calculate the greatest common divisor of 28 and a.
28
Suppose -3*t + 2 + 4 = 0. Let z be (7/(-14))/((-1)/t). Let g be ((-2)/4)/((-2)/24*2). Calculate the greatest common divisor of z and g.
1
Suppose 18*x - 987 = -393. What is the highest common factor of 231 and x?
33
Suppose -25*q + 1087 + 2563 = 0. Let g = q - -40. What is the highest common factor of 6 and g?
6
Let d = 18353 + -17537. Calculate the greatest common divisor of 144 and d.
48
Suppose -3*y + 2392 + 1700 = 0. Calculate the highest common divisor of y and 341.
341
Suppose 37*j - 61*j + 13272 = 0. Suppose -306 = -4*x + 8*s - 3*s, -310 = -4*x + 3*s. What is the highest common divisor of j and x?
79
Let a(l) = l**3 + 12*l**2 + 42*l + 54. Let d be a(-5). Calculate the greatest common factor of d and 209.
19
Let z be 60/(-3 + (-24)/(-7)). Calculate the highest common divisor of 3976 and z.
28
Suppose 543*u - 539*u - l = 79631, -3*u - 2*l + 59704 = 0. What is the highest common factor of 37 and u?
37
Let i = -39 + 56. Let u(d) = 21 + i - 56*d + 54*d. Let o be u(18). Calculate the greatest common factor of 18 and o.
2
Suppose -5*s + y + 3*y = -18, s - 8 = 3*y. Let a be (18/(-15))/(6/(-10)). Calculate the highest common factor of a and s.
2
Let m be (-34)/(-8) + 4/(-16). Let i be 1/(5/5) - 4 - -63. Suppose -5*v = -s - i, -s = -m*v - 2*s + 39. What is the greatest common divisor of v and 121?
11
Let q be 2 + (-2 - 224) + (3 - 8). Let y = q - -234. Calculate the highest common divisor of 305 and y.
5
Let f(w) = -w**3 + 2*w**2 + 25*w + 10. Let i = 241 + -236. Let j be f(i). Calculate the highest common factor of j and 150.
30
Let b be 912/(-64) + 14 + 23/(-4). Let u(r) = -r**3 - 5*r**2 + 4*r + 72. Let q be u(b). What is the highest common divisor of q and 63?
21
Suppose 0 = 10*l - 29*l + 95. Suppose l*i = 4*o + 137, 5*o = i - 0*i - 40. Let h = 24 + -14. What is the greatest common divisor of i and h?
5
Let q(d) = 2*d**3 - d**2 + 154*d - 952. Let v be q(6). What is the greatest common factor of v and 832?
16
Let k be (-6)/2 + 2 - -3. Let m be (k/(-2))/(1/(-12)). Let o(q) = 2*q**2 + 1256*q - 11382. Let j be o(9). What is the highest common factor of j and m?
12
Suppose 0 = -o + 4*x - 9, 11 = -o - 3*x - 5. Let f = o + 27. Suppose 2*b = -2*y + 40 + f, 3*y = -b + 79. What is the greatest common factor of 104 and y?
26
Let k be (-21)/(-35)*60/3. Suppose 5*o + 2*b - 544 = 0, -2*b = 2*o - 5*o + 320. Calculate the highest common factor of o and k.
12
Suppose -173*v + 59*v = -27588. Calculate the greatest common factor of 110 and v.
22
Let p(d) = -d**2 - 150*d - 3862. Let o be p(-36). Calculate the highest common divisor of 3025 and o.
121
Let a(k) = -52*k + 3. Let n be a(-1). Suppose 44*o = n*o - 825. What is the greatest common factor of 60 and o?
15
Let i = -20 - 20. Let f(z) = 47*z + 2045. Let g be f(-45). Let n = i - g. Calculate the highest common divisor of n and 45.
15
Let o = 5 - 2. Let g be 411 + (-3)/(-3) + o. Let r = g + -295. What is the greatest common divisor of 15 and r?
15
Suppose -68 - 53 = -w. Let p = 21 - -1. What is the greatest common factor of p and w?
11
Suppose -4*d = k - 36, 27 = 3*k - 4*d - 17. Suppose -5*m - 35 = 15. Let l be (-13 + -1)*m/k. What is the greatest common factor of l and 14?
7
Let l(j) = -j**3 + 41*j**2 - 48*j + 332. Let u be l(40). Calculate the greatest common factor of 4818 and u.
6
Let p be ((-48)/(-108))/((-39)/(-3510)). Suppose -5*z + 71 = -9. Calculate the greatest common factor of p and z.
8
Suppose 19755 + 3045 = 76*y. What is the greatest common factor of y and 96?
12
Let y be (-18)/(-27) - ((-515)/(-3) + 1). Let d = y + 120. Let g = d - -112. Calculate the highest common divisor of g and 12.
12
Suppose 426 = 31*f - 477 - 1391. Calculate the highest common divisor of f and 4958.
74
Let d be ((-375)/5)/5*(-6)/15. What is the greatest common factor of 807 and d?
3
Let l = 62 - -127. Let o be 1/2*-2 - l/(-9). Suppose o - 82 = -4*j - i, -j = -4*i - 7. What is the greatest common factor of 10 and j?
5
Let d(i) = 2*i**3 - 3*i**2 - 5*i - 10. Let h be d(5). Suppose 56*x = 52*x + h. What is the greatest common divisor of x and 15?
5
Let d = -633 - -625. Let f be d + 29 + (-3 - (-3)/(-3)). Calculate the greatest common divisor of f and 459.
17
Let g be ((-533)/(-143) - 13)*-11. Let i = -15 + 18. Suppose -t + 3*o = 2*o - 15, i*o = 6. Calculate the greatest common factor of t and g.
17
Let m = 719 - 712. Suppose -m*r + 827 + 1525 = 0. Calculate the greatest common factor of r and 240.
48
Let g be (-808 + 450)/((-2)/22). What is the highest common divisor of 66 and g?
22
Let y(k) = k**2 - 12*k - 82. Suppose 7*l + 8*l = -165. Let s be y(l). Calculate the greatest common divisor of s and 76.
19
Let i be (-82)/(198/(-940) + 13*5/325). What is the highest common divisor of i and 188?
188
Let l(z) = -6*z**3 + 2